{"id":4114,"date":"2025-08-31T11:15:21","date_gmt":"2025-08-31T09:15:21","guid":{"rendered":"https:\/\/www.mic31.fr\/?page_id=4114"},"modified":"2025-10-26T15:52:57","modified_gmt":"2025-10-26T14:52:57","slug":"vincent","status":"publish","type":"page","link":"https:\/\/www.mic31.fr\/index.php\/les-cours\/saxophone\/vincent\/","title":{"rendered":"Vincent"},"content":{"rendered":"<figure class=\"wp-block-image aligncenter size-large is-resized\"><img loading=\"lazy\" decoding=\"async\" width=\"819\" height=\"1024\" src=\"https:\/\/www.mic31.fr\/wordpress\/wp-content\/uploads\/2025\/10\/Vincent-819x1024.jpeg\" alt=\"\" class=\"wp-image-4254\" style=\"width:651px;height:auto\" srcset=\"https:\/\/www.mic31.fr\/wordpress\/wp-content\/uploads\/2025\/10\/Vincent-819x1024.jpeg 819w, https:\/\/www.mic31.fr\/wordpress\/wp-content\/uploads\/2025\/10\/Vincent-240x300.jpeg 240w, https:\/\/www.mic31.fr\/wordpress\/wp-content\/uploads\/2025\/10\/Vincent-768x960.jpeg 768w, https:\/\/www.mic31.fr\/wordpress\/wp-content\/uploads\/2025\/10\/Vincent.jpeg 1080w\" sizes=\"auto, (max-width: 819px) 100vw, 819px\" \/><\/figure>\n\n\n<p><\/p>\n\n\n\n<p class=\"has-text-align-center has-medium-font-size\">Vincent Desplantez est un saxophoniste et compositeur avec une carri\u00e8re musicale diversifi\u00e9e. Son amour pour la musique l&rsquo;a amen\u00e9 \u00e0 jouer dans de nombreux groupes et \u00e0 se produire lors de nombreux concerts \u00e0 travers le monde.<\/p>\n\n\n\n<p class=\"has-text-align-center has-medium-font-size\">Vincent commence son apprentissage musical \u00e0 17 ans, en 1996 avec Mr Daniel Sousperreguy \u00e0 Lourdes o\u00f9 il rejoint l&rsquo;ensemble musical local avec lequel il participe \u00e0 diff\u00e9rents concerts, messes, mariages, enterrements, f\u00eates&#8230; la vie. Il int\u00e8gre ensuite le big-band dirig\u00e9 par Pascal Gardes, \u00ab\u00a0notre grand-p\u00e8re \u00e0 tous\u00a0\u00bb comme il l&rsquo;appelle affectueusement. C&rsquo;est aussi gr\u00e2ce \u00e0 Pascal et sa guitare d&rsquo;une patience infinie qu&rsquo;il d\u00e9couvre la vitalit\u00e9 du jazz, des standards et de l&rsquo;improvisation. C&rsquo;est ainsi que son chemin a commenc\u00e9: De longues nuits \u00e0 \u00ab\u00a0souffler dans le biniou\u00a0\u00bb avec des amis aux pieds des Pyr\u00e9n\u00e9es.&nbsp;<\/p>\n\n\n\n<p class=\"has-text-align-center has-medium-font-size\">Apr\u00e8s avoir d\u00e9m\u00e9nag\u00e9 \u00e0 Toulouse pour poursuivre ses \u00e9tudes scientifiques, Vincent continue d&rsquo;apprendre le saxophone aupr\u00e8s de Nelson Jimenez Ruiz, musicien cubain venant d&rsquo;arriver en France. \u00ab\u00a0Su maestro\u00a0\u00bb lui enseigne diff\u00e9rents \u00ab\u00a0secrets de la musique\u00a0\u00bb et lui transmet son enthousiasme pour les musiques d&rsquo;Am\u00e9rique latine.&nbsp;<\/p>\n\n\n\n<p class=\"has-text-align-center has-medium-font-size\">En 2001, Vincent a l&rsquo;honneur de se produire au festival de musique Gnaoua d&rsquo;Essaouira aux c\u00f4t\u00e9s de Tarek Batma et Yacine Bouzidi. Il gardera de cette exp\u00e9rience des souvenirs ind\u00e9fectibles: le Maroc, son peuple, ses rythmes, ses chants, sa musique sacr\u00e9e, sa musique-m\u00e9decine, sa transe, son d\u00e9sert.&nbsp;<\/p>\n\n\n\n<p class=\"has-text-align-center has-medium-font-size\">Il travaille ensuite quelques ann\u00e9es en studio d&rsquo;enregistrement en tant que technicien-son tout en continuant d&rsquo;\u00e9tudier le saxophone, la nuit apr\u00e8s avoir ferm\u00e9 les locaux. En parall\u00e8le, il s&rsquo;investit dans l&rsquo;enseignement musical, principalement pour de jeunes \u00e9l\u00e8ves de ses Pyr\u00e9n\u00e9es (quasi) natales.<\/p>\n\n\n\n<p class=\"has-text-align-center has-medium-font-size\">Vincent int\u00e8gre ensuite l&rsquo;\u00e9cole des musiques vivantes de Toulouse Music&rsquo;Halle et obtient son dipl\u00f4me de musicien interpr\u00e8te des musiques actuelles. Durant ce cursus, il recevra, entre autres, les enseignements de David Pautric, Serge Lazarevitch et du regrett\u00e9 Denis Badaut. Si les deux premiers se concentrent plus sur la c\u00f4t\u00e9 technique et harmonique, la transmission de Denis Badaut est plus universelle: \u00eatre heureux ici et maintenant, l&rsquo;intention et le geste, et tant d&rsquo;autres encore&#8230; \u00ab\u00a0Adieu cher Denis!&nbsp;\u00bb\u2026 Adieu chers amis d\u00e9j\u00e0 partis.&nbsp;<\/p>\n\n\n\n<p class=\"has-text-align-center has-medium-font-size\">Par la suite, il s&rsquo;engage dans de nombreuses collaborations, soit en tant que membre actif, soit en tant qu&rsquo;instrumentiste pour des sessions studio, soit encore parfois en tant que compositeur. Explorant des domaines inconnus, il partage notamment la sc\u00e8ne en 2012 en duo avec son fr\u00e8re Julien Desplantez, danseur contemporain.&nbsp;<\/p>\n\n\n\n<p class=\"has-text-align-center has-medium-font-size\">Musicien populaire, il particpe \u00e0 de nombreux \u00e9v\u00e9nements tels que le festival bis de Jazz in Marciac, Fintdaz au Chili ou encore Cuidad en movimiento de La Havane.<\/p>\n\n\n\n<p class=\"has-text-align-center has-medium-font-size\">Aujourd&rsquo;hui, Vincent est membre de plusieurs groupes, allant du ska-jazz jama\u00efcain \u00e0 l&rsquo;early rock and roll en passant par le new-orleans, la surf music ainsi que le bal musette-trad&rsquo; du sud de la France.<\/p>\n\n\n\n<p class=\"has-text-align-center has-medium-font-size\"><strong>Pour les tarifs des cours :\u00a0<a href=\"http:\/\/www.mic31.fr\/index.php\/tarifs-et-conditions\/\">infos ici<\/a><\/strong><\/p>\n\n\n\n<p class=\"has-text-align-center has-medium-font-size\">__________________________________________________________________<\/p>\n\n\n\n<p class=\"has-text-align-center has-medium-font-size\"><strong>Retrouvez nous sur vos r\u00e9seaux sociaux pr\u00e9f\u00e9r\u00e9s pour suivre notre actualit\u00e9 : <\/strong><\/p>\n\n\n<div class=\"wp-block-image\">\n<figure class=\"aligncenter is-resized\"><a href=\"https:\/\/www.facebook.com\/musicinstituteandculture\/\" target=\"_blank\" rel=\"noreferrer noopener\"><img loading=\"lazy\" decoding=\"async\" width=\"300\" height=\"300\" src=\"http:\/\/www.mic31.fr\/wordpress\/wp-content\/uploads\/2016\/10\/icone-facebook-site-300x300.png\" alt=\"icone facebook site\" class=\"wp-image-506\" style=\"width:89px;height:auto\" srcset=\"https:\/\/www.mic31.fr\/wordpress\/wp-content\/uploads\/2016\/10\/icone-facebook-site-300x300.png 300w, https:\/\/www.mic31.fr\/wordpress\/wp-content\/uploads\/2016\/10\/icone-facebook-site-150x150.png 150w, https:\/\/www.mic31.fr\/wordpress\/wp-content\/uploads\/2016\/10\/icone-facebook-site-200x200.png 200w, https:\/\/www.mic31.fr\/wordpress\/wp-content\/uploads\/2016\/10\/icone-facebook-site.png 626w\" sizes=\"auto, (max-width: 300px) 100vw, 300px\" \/><\/a><\/figure>\n<\/div>\n\n\n<p><\/p>\n\n\n<div class=\"wp-block-image\">\n<figure class=\"aligncenter is-resized\"><a href=\"https:\/\/www.instagram.com\/assomic31\/\" target=\"_blank\" rel=\"noreferrer noopener\"><img loading=\"lazy\" decoding=\"async\" width=\"300\" height=\"300\" src=\"http:\/\/www.mic31.fr\/wordpress\/wp-content\/uploads\/2016\/10\/icone-instagram-site-300x300.png\" alt=\"icone instagram site\" class=\"wp-image-504\" style=\"width:87px;height:auto\" srcset=\"https:\/\/www.mic31.fr\/wordpress\/wp-content\/uploads\/2016\/10\/icone-instagram-site-300x300.png 300w, https:\/\/www.mic31.fr\/wordpress\/wp-content\/uploads\/2016\/10\/icone-instagram-site-150x150.png 150w, https:\/\/www.mic31.fr\/wordpress\/wp-content\/uploads\/2016\/10\/icone-instagram-site-200x200.png 200w, https:\/\/www.mic31.fr\/wordpress\/wp-content\/uploads\/2016\/10\/icone-instagram-site.png 400w\" sizes=\"auto, (max-width: 300px) 100vw, 300px\" \/><\/a><\/figure>\n<\/div>","protected":false},"excerpt":{"rendered":"<p>Vincent Desplantez est un saxophoniste et compositeur avec une carri\u00e8re musicale diversifi\u00e9e. Son amour pour la musique l&rsquo;a amen\u00e9 \u00e0 jouer dans de [&hellip;]<\/p>\n","protected":false},"author":1,"featured_media":0,"parent":4262,"menu_order":0,"comment_status":"closed","ping_status":"closed","template":"","meta":{"footnotes":""},"class_list":["post-4114","page","type-page","status-publish","hentry"],"yoast_head":"<!-- This site is optimized with the Yoast SEO plugin v24.1 - https:\/\/yoast.com\/wordpress\/plugins\/seo\/ -->\n<title>Vincent -<\/title>\n<meta name=\"description\" content=\"Bienvenue chez Music Institute and Culture, \u00e9cole de musique \u00e0 Colomiers\" \/>\n<meta name=\"robots\" content=\"index, follow, max-snippet:-1, max-image-preview:large, max-video-preview:-1\" \/>\n<link rel=\"canonical\" href=\"https:\/\/www.mic31.fr\/index.php\/les-cours\/saxophone\/vincent\/\" \/>\n<meta property=\"og:locale\" content=\"fr_FR\" \/>\n<meta property=\"og:type\" content=\"article\" \/>\n<meta property=\"og:title\" content=\"Vincent -\" \/>\n<meta property=\"og:description\" content=\"Bienvenue chez Music Institute and Culture, \u00e9cole de musique \u00e0 Colomiers\" \/>\n<meta property=\"og:url\" content=\"https:\/\/www.mic31.fr\/index.php\/les-cours\/saxophone\/vincent\/\" \/>\n<meta property=\"article:publisher\" content=\"https:\/\/www.facebook.com\/musicinstituteandculture\/\" \/>\n<meta property=\"article:modified_time\" content=\"2025-10-26T14:52:57+00:00\" \/>\n<meta property=\"og:image\" content=\"https:\/\/www.mic31.fr\/wordpress\/wp-content\/uploads\/2025\/10\/Vincent-819x1024.jpeg\" \/>\n<meta name=\"twitter:card\" content=\"summary_large_image\" \/>\n<meta name=\"twitter:site\" content=\"@assomic31\" \/>\n<meta name=\"twitter:label1\" content=\"Dur\u00e9e de lecture estim\u00e9e\" \/>\n\t<meta name=\"twitter:data1\" content=\"4 minutes\" \/>\n<script type=\"application\/ld+json\" class=\"yoast-schema-graph\">{\"@context\":\"https:\/\/schema.org\",\"@graph\":[{\"@type\":\"WebPage\",\"@id\":\"https:\/\/www.mic31.fr\/index.php\/les-cours\/saxophone\/vincent\/\",\"url\":\"https:\/\/www.mic31.fr\/index.php\/les-cours\/saxophone\/vincent\/\",\"name\":\"Vincent -\",\"isPartOf\":{\"@id\":\"http:\/\/www.mic31.fr\/#website\"},\"primaryImageOfPage\":{\"@id\":\"https:\/\/www.mic31.fr\/index.php\/les-cours\/saxophone\/vincent\/#primaryimage\"},\"image\":{\"@id\":\"https:\/\/www.mic31.fr\/index.php\/les-cours\/saxophone\/vincent\/#primaryimage\"},\"thumbnailUrl\":\"https:\/\/www.mic31.fr\/wordpress\/wp-content\/uploads\/2025\/10\/Vincent-819x1024.jpeg\",\"datePublished\":\"2025-08-31T09:15:21+00:00\",\"dateModified\":\"2025-10-26T14:52:57+00:00\",\"description\":\"Bienvenue chez Music Institute and Culture, \u00e9cole de musique \u00e0 Colomiers\",\"breadcrumb\":{\"@id\":\"https:\/\/www.mic31.fr\/index.php\/les-cours\/saxophone\/vincent\/#breadcrumb\"},\"inLanguage\":\"fr-FR\",\"potentialAction\":[{\"@type\":\"ReadAction\",\"target\":[\"https:\/\/www.mic31.fr\/index.php\/les-cours\/saxophone\/vincent\/\"]}]},{\"@type\":\"ImageObject\",\"inLanguage\":\"fr-FR\",\"@id\":\"https:\/\/www.mic31.fr\/index.php\/les-cours\/saxophone\/vincent\/#primaryimage\",\"url\":\"https:\/\/www.mic31.fr\/wordpress\/wp-content\/uploads\/2025\/10\/Vincent-819x1024.jpeg\",\"contentUrl\":\"https:\/\/www.mic31.fr\/wordpress\/wp-content\/uploads\/2025\/10\/Vincent-819x1024.jpeg\"},{\"@type\":\"BreadcrumbList\",\"@id\":\"https:\/\/www.mic31.fr\/index.php\/les-cours\/saxophone\/vincent\/#breadcrumb\",\"itemListElement\":[{\"@type\":\"ListItem\",\"position\":1,\"name\":\"Accueil\",\"item\":\"http:\/\/www.mic31.fr\/\"},{\"@type\":\"ListItem\",\"position\":2,\"name\":\"Les enseignements\",\"item\":\"https:\/\/www.mic31.fr\/index.php\/les-cours\/\"},{\"@type\":\"ListItem\",\"position\":3,\"name\":\"Saxophone\",\"item\":\"https:\/\/www.mic31.fr\/index.php\/les-cours\/saxophone\/\"},{\"@type\":\"ListItem\",\"position\":4,\"name\":\"Vincent\"}]},{\"@type\":\"WebSite\",\"@id\":\"http:\/\/www.mic31.fr\/#website\",\"url\":\"http:\/\/www.mic31.fr\/\",\"name\":\"Music Institute and Culture\",\"description\":\"\",\"publisher\":{\"@id\":\"http:\/\/www.mic31.fr\/#organization\"},\"potentialAction\":[{\"@type\":\"SearchAction\",\"target\":{\"@type\":\"EntryPoint\",\"urlTemplate\":\"http:\/\/www.mic31.fr\/?s={search_term_string}\"},\"query-input\":{\"@type\":\"PropertyValueSpecification\",\"valueRequired\":true,\"valueName\":\"search_term_string\"}}],\"inLanguage\":\"fr-FR\"},{\"@type\":\"Organization\",\"@id\":\"http:\/\/www.mic31.fr\/#organization\",\"name\":\"Music institute and Culture\",\"url\":\"http:\/\/www.mic31.fr\/\",\"logo\":{\"@type\":\"ImageObject\",\"inLanguage\":\"fr-FR\",\"@id\":\"http:\/\/www.mic31.fr\/#\/schema\/logo\/image\/\",\"url\":\"http:\/\/www.mic31.fr\/wordpress\/wp-content\/uploads\/2016\/10\/cropped-cropped-Flyer-asso-MIC-v8-copie.jpg\",\"contentUrl\":\"http:\/\/www.mic31.fr\/wordpress\/wp-content\/uploads\/2016\/10\/cropped-cropped-Flyer-asso-MIC-v8-copie.jpg\",\"width\":512,\"height\":512,\"caption\":\"Music institute and Culture\"},\"image\":{\"@id\":\"http:\/\/www.mic31.fr\/#\/schema\/logo\/image\/\"},\"sameAs\":[\"https:\/\/www.facebook.com\/musicinstituteandculture\/\",\"https:\/\/x.com\/assomic31\",\"https:\/\/www.instagram.com\/assomic31\/\"]}]}<\/script>\n<!-- \/ Yoast SEO plugin. -->","yoast_head_json":{"title":"Vincent -","description":"Bienvenue chez Music Institute and Culture, \u00e9cole de musique \u00e0 Colomiers","robots":{"index":"index","follow":"follow","max-snippet":"max-snippet:-1","max-image-preview":"max-image-preview:large","max-video-preview":"max-video-preview:-1"},"canonical":"https:\/\/www.mic31.fr\/index.php\/les-cours\/saxophone\/vincent\/","og_locale":"fr_FR","og_type":"article","og_title":"Vincent -","og_description":"Bienvenue chez Music Institute and Culture, \u00e9cole de musique \u00e0 Colomiers","og_url":"https:\/\/www.mic31.fr\/index.php\/les-cours\/saxophone\/vincent\/","article_publisher":"https:\/\/www.facebook.com\/musicinstituteandculture\/","article_modified_time":"2025-10-26T14:52:57+00:00","og_image":[{"url":"https:\/\/www.mic31.fr\/wordpress\/wp-content\/uploads\/2025\/10\/Vincent-819x1024.jpeg","type":"","width":"","height":""}],"twitter_card":"summary_large_image","twitter_site":"@assomic31","twitter_misc":{"Dur\u00e9e de lecture estim\u00e9e":"4 minutes"},"schema":{"@context":"https:\/\/schema.org","@graph":[{"@type":"WebPage","@id":"https:\/\/www.mic31.fr\/index.php\/les-cours\/saxophone\/vincent\/","url":"https:\/\/www.mic31.fr\/index.php\/les-cours\/saxophone\/vincent\/","name":"Vincent -","isPartOf":{"@id":"http:\/\/www.mic31.fr\/#website"},"primaryImageOfPage":{"@id":"https:\/\/www.mic31.fr\/index.php\/les-cours\/saxophone\/vincent\/#primaryimage"},"image":{"@id":"https:\/\/www.mic31.fr\/index.php\/les-cours\/saxophone\/vincent\/#primaryimage"},"thumbnailUrl":"https:\/\/www.mic31.fr\/wordpress\/wp-content\/uploads\/2025\/10\/Vincent-819x1024.jpeg","datePublished":"2025-08-31T09:15:21+00:00","dateModified":"2025-10-26T14:52:57+00:00","description":"Bienvenue chez Music Institute and Culture, \u00e9cole de musique \u00e0 Colomiers","breadcrumb":{"@id":"https:\/\/www.mic31.fr\/index.php\/les-cours\/saxophone\/vincent\/#breadcrumb"},"inLanguage":"fr-FR","potentialAction":[{"@type":"ReadAction","target":["https:\/\/www.mic31.fr\/index.php\/les-cours\/saxophone\/vincent\/"]}]},{"@type":"ImageObject","inLanguage":"fr-FR","@id":"https:\/\/www.mic31.fr\/index.php\/les-cours\/saxophone\/vincent\/#primaryimage","url":"https:\/\/www.mic31.fr\/wordpress\/wp-content\/uploads\/2025\/10\/Vincent-819x1024.jpeg","contentUrl":"https:\/\/www.mic31.fr\/wordpress\/wp-content\/uploads\/2025\/10\/Vincent-819x1024.jpeg"},{"@type":"BreadcrumbList","@id":"https:\/\/www.mic31.fr\/index.php\/les-cours\/saxophone\/vincent\/#breadcrumb","itemListElement":[{"@type":"ListItem","position":1,"name":"Accueil","item":"http:\/\/www.mic31.fr\/"},{"@type":"ListItem","position":2,"name":"Les enseignements","item":"https:\/\/www.mic31.fr\/index.php\/les-cours\/"},{"@type":"ListItem","position":3,"name":"Saxophone","item":"https:\/\/www.mic31.fr\/index.php\/les-cours\/saxophone\/"},{"@type":"ListItem","position":4,"name":"Vincent"}]},{"@type":"WebSite","@id":"http:\/\/www.mic31.fr\/#website","url":"http:\/\/www.mic31.fr\/","name":"Music Institute and Culture","description":"","publisher":{"@id":"http:\/\/www.mic31.fr\/#organization"},"potentialAction":[{"@type":"SearchAction","target":{"@type":"EntryPoint","urlTemplate":"http:\/\/www.mic31.fr\/?s={search_term_string}"},"query-input":{"@type":"PropertyValueSpecification","valueRequired":true,"valueName":"search_term_string"}}],"inLanguage":"fr-FR"},{"@type":"Organization","@id":"http:\/\/www.mic31.fr\/#organization","name":"Music institute and Culture","url":"http:\/\/www.mic31.fr\/","logo":{"@type":"ImageObject","inLanguage":"fr-FR","@id":"http:\/\/www.mic31.fr\/#\/schema\/logo\/image\/","url":"http:\/\/www.mic31.fr\/wordpress\/wp-content\/uploads\/2016\/10\/cropped-cropped-Flyer-asso-MIC-v8-copie.jpg","contentUrl":"http:\/\/www.mic31.fr\/wordpress\/wp-content\/uploads\/2016\/10\/cropped-cropped-Flyer-asso-MIC-v8-copie.jpg","width":512,"height":512,"caption":"Music institute and Culture"},"image":{"@id":"http:\/\/www.mic31.fr\/#\/schema\/logo\/image\/"},"sameAs":["https:\/\/www.facebook.com\/musicinstituteandculture\/","https:\/\/x.com\/assomic31","https:\/\/www.instagram.com\/assomic31\/"]}]}},"_links":{"self":[{"href":"https:\/\/www.mic31.fr\/index.php\/wp-json\/wp\/v2\/pages\/4114","targetHints":{"allow":["GET"]}}],"collection":[{"href":"https:\/\/www.mic31.fr\/index.php\/wp-json\/wp\/v2\/pages"}],"about":[{"href":"https:\/\/www.mic31.fr\/index.php\/wp-json\/wp\/v2\/types\/page"}],"author":[{"embeddable":true,"href":"https:\/\/www.mic31.fr\/index.php\/wp-json\/wp\/v2\/users\/1"}],"replies":[{"embeddable":true,"href":"https:\/\/www.mic31.fr\/index.php\/wp-json\/wp\/v2\/comments?post=4114"}],"version-history":[{"count":17,"href":"https:\/\/www.mic31.fr\/index.php\/wp-json\/wp\/v2\/pages\/4114\/revisions"}],"predecessor-version":[{"id":4414,"href":"https:\/\/www.mic31.fr\/index.php\/wp-json\/wp\/v2\/pages\/4114\/revisions\/4414"}],"up":[{"embeddable":true,"href":"https:\/\/www.mic31.fr\/index.php\/wp-json\/wp\/v2\/pages\/4262"}],"wp:attachment":[{"href":"https:\/\/www.mic31.fr\/index.php\/wp-json\/wp\/v2\/media?parent=4114"}],"curies":[{"name":"wp","href":"https:\/\/api.w.org\/{rel}","templated":true}]}}