{"id":1684,"date":"2018-09-06T18:00:22","date_gmt":"2018-09-06T16:00:22","guid":{"rendered":"http:\/\/www.mic31.fr\/?page_id=1684"},"modified":"2025-10-28T14:37:11","modified_gmt":"2025-10-28T13:37:11","slug":"foire-aux-questions","status":"publish","type":"page","link":"https:\/\/www.mic31.fr\/index.php\/foire-aux-questions\/","title":{"rendered":"Foire aux Questions"},"content":{"rendered":"<p><strong>Q : Quelles sont les p\u00e9riodes \u00a0?<\/strong><\/p>\n<p>R : La p\u00e9riode 1 commence le 1er Septembre 2025 et se finit le 30 Novembre 2025. La p\u00e9riode 2 commence le 1er D\u00e9cembre 2025 et se finit le 28 f\u00e9vrier 2026. La p\u00e9riode 3 commence le 1er Mars 2026 et se finit le 30 Juin 2026.<\/p>\n<p>Il y a des possibilit\u00e9s de cours en Juillet \u00e9galement, \u00e0 voir avec les professeurs.<\/p>\n<hr \/>\n<p><strong>Q : Quelles sont les disciplines que vous enseignez ?<\/strong><\/p>\n<p>R : Nous proposons des cours d\u2019\u00e9veil Musical, de Guitare ( acoustique, classique et \u00e9lectrique ), de Basse, de Piano, de Chant, de Batterie, de MAO et de Compr\u00e9hension Musicale.<\/p>\n<hr \/>\n<p><strong>Q: Quels sont les tarifs ?<\/strong><\/p>\n<p>R : Les cours d\u2019essai sont \u00e0 40\u20ac ( limit\u00e9s \u00e0 3 par personne et par saison ). Au del\u00e0 si la personne ne veut pas adh\u00e9rer \u00e0 l\u2019association les cours passent \u00e0 46\u20ac. Les tarifs pour chaque p\u00e9riode sont les m\u00eames quelque soit la discipline ( \u00e0 l\u2019exception de l\u2019\u00e9veil Musical qui est \u00e0 165 \u20ac pour la p\u00e9riode 1, 165\u20ac pour la p\u00e9riode 2 et 220 \u20acpour la p\u00e9riode 3, et de la Compr\u00e9hension Musicale qui est \u00e0 90\u20ac pour la p\u00e9riode 1, 90\u20ac pour la p\u00e9riode 2 et 120\u20ac pour la p\u00e9riode 3)<\/p>\n<p>&#8211; 330\u20ac pour un cours par semaine pour la p\u00e9riode 1, 330\u20ac pour la p\u00e9riode 2 et 440\u20ac pour la p\u00e9riode 3<\/p>\n<p>&#8211; 171\u20ac pour un cours tous les 15 jours pour les p\u00e9riodes 1, 171\u20ac pour la p\u00e9riode 2, et 228\u20ac pour la p\u00e9riode 3 ou pour une demie heure (offre r\u00e9serv\u00e9 aux enfants en dessous de 8 ans sous r\u00e9serve d&rsquo;acceptation du professeur )<\/p>\n<p>&#8211; 219\u20ac pour un cours par semaine en collectif pour la p\u00e9riode 1, 219\u20ac pour la p\u00e9riode 2 et 292\u20ac pour la p\u00e9riode 3<\/p>\n<p>Il faut aussi rajouter l\u2019adh\u00e9sion \u00e0 l\u2019association qui est de 60 \u20ac<\/p>\n<p>Veuillez vous r\u00e9f\u00e9rer \u00e0 cette page pour plus d&rsquo;informations : <a href=\"http:\/\/www.mic31.fr\/index.php\/tarifs-et-conditions\/\">ici<\/a><\/p>\n<hr \/>\n<p><strong>Q : A quoi sert la cotisation \u00e0 l\u2019association ?<\/strong><\/p>\n<p>R : MIC est une association, et nous demandons une cotisation \u00e0 chacun de nos membres. Cette cotisation permet en premier lieu de vous fournir une assurance, pour vous et pour nos locaux. Celle ci veille aussi au bon fonctionnement de l\u2019association. De plus, elle vous permet de prendre des cours mais aussi de participer \u00e0 de nombreuses manifestations \u00e0 titre gratuit. MIC est une association qui ne b\u00e9n\u00e9ficie pas de subvention de la Ville de Colomiers, toutes vos cotisations nous permettent aussi d&rsquo;investir dans du mat\u00e9riel mais aussi dans nos locaux pour les rendre les plus agr\u00e9ables possible<\/p>\n<hr \/>\n<p><strong>Q : Le solf\u00e8ge est il obligatoire pour int\u00e9grer votre \u00e9cole ?<\/strong><\/p>\n<p>R : Non ! Nous sommes une \u00e9cole de musiques actuelles qui ne vous oblige pas \u00e0 avoir fait ou \u00e0\u00a0faire du solf\u00e8ge. Chez nous, le solf\u00e8ge est appliqu\u00e9 directement \u00e0 l\u2019instrument pendant le cours et\u00a0permet d\u2019apprendre en pratiquant . Nous sommes sp\u00e9cialis\u00e9s en musiques actuelles, ce qui veut\u00a0dire que nous n\u2019\u00e9tudions des morceaux de tous styles comme le rock, la pop, le jazz, le blues, la\u00a0vari\u00e9t\u00e9\u2026 pas de classique \u00e0 moins que cela ne soit votre souhait !<\/p>\n<hr \/>\n<p><strong>Q: A partir de quel \u00e2ge prenez vous les enfants <\/strong><\/p>\n<p>R : D\u00e8s 3 ans en \u00e9veil musical et ce jusqu\u2019\u00e0 7 ans. Pour la pratique des instruments, elle est\u00a0possible \u00e0 partir de 6 ans, suivant les capacit\u00e9s motrices des enfants, le mieux est de faire un\u00a0cours d\u2019essai dans la discipline souhait\u00e9e, et ensuite le professeur vous donnera son avis.<\/p>\n<hr \/>\n<p><strong>Q : Combien de temps dure un cours ?<\/strong><\/p>\n<p>R : Les cours durent 50 minutes, il commence \u00e0 l\u2019heure pile ( ex: 10 h et se termine \u00e0 10H50 )<\/p>\n<hr \/>\n<p><strong>Q: Comment puis je payer ?<\/strong><\/p>\n<p>R : Nous acceptons les r\u00e9glements par ch\u00e8ques ou par esp\u00e8ces. Nous ne prenons pas la CB et nous n\u2019acceptons pas les CESU, Ch\u00e8ques Vacances etc\u2026 Les cours sont pay\u00e9s directement au professeur au d\u00e9but de chaque p\u00e9riode \u00a0et aucun remboursement ne peut \u00eatre exig\u00e9 m\u00eame si vous d\u00e9cidez d&rsquo;arr\u00eater en cours de p\u00e9riode.<\/p>\n<hr \/>\n<p><strong>Q : Proposez vous des cours en groupe ?<\/strong><\/p>\n<p>R : Oui, nous proposons des cours en groupe, mais ceux ci sont principalement accessibles en\u00a0d\u00e9but d\u2019ann\u00e9e et principalement pour les d\u00e9butants. Nous essayons de faire des petits groupes\u00a0( maximum 3 \u00e9l\u00e8ves ) en fonction du niveau, et de l\u2019\u00e2ge.<\/p>\n<hr \/>\n<p><strong>Q : Quand ont lieu les cours ?<\/strong><\/p>\n<p>R : Les cours sont dispens\u00e9s du lundi au samedi sans interruption, chaque jour vous pouvez\u00a0prendre des cours sur une amplitude horaire de 10H \u00e0 21H.<\/p>\n<hr \/>\n<p><strong>Q : A t on besoin de poss\u00e9der un instrument \u00e0 la maison ?<\/strong><\/p>\n<p>R : Id\u00e9alement oui. Pour les cours d\u2019essai, nous pouvons fournir tout le mat\u00e9riel n\u00e9cessaire,\u00a0cependant nous recommandons fortement que chaque \u00e9l\u00e8ve poss\u00e8de son mat\u00e9riel afin qu\u2019il\u00a0puisse s\u2019entrainer et pratiquer \u00e0 la maison, sans quoi, ses progr\u00e8s et sa motivation risquent de\u00a0chuter.<\/p>\n<hr \/>\n<p><strong>Q: Combien de temps dois je travailler mon instrument pour progresser ?<\/strong><\/p>\n<p>R : Nous vous recommandons de pratiquer l\u2019instrument de musique au minimum 10 minutes par\u00a0jour, pour assimiler les informations enseign\u00e9es pendant les cours de musique. Il vaut mieux travailler\u00a0son instrument 10 minutes tous les jours plut\u00f4t que 50 minutes un jour ! La r\u00e9gularit\u00e9 sera\u00a0la cl\u00e9 du succ\u00e8s.<\/p>\n<hr \/>\n<p><strong>Q : Quel est votre enseignement ?<\/strong><\/p>\n<p>R : Nos professeurs de musique, qualifi\u00e9s, d\u00e9veloppent avec leurs \u00e9l\u00e8ves une relation de\u00a0confiance solide et leurs offrent un lieu d\u2019apprentissage, de cr\u00e9ation et d\u2019accomplissement\u00a0appuy\u00e9 sur des valeurs et sur une approche actuelle. Nous d\u00e9fendons un apprentissage dans le\u00a0plaisir, le respect, l\u2019\u00e9coute, la bienveillance mais aussi la cr\u00e9ativit\u00e9, la flexibilit\u00e9. Nous sommes \u00e0\u00a0l\u2019\u00e9coute des besoins, des envies et des attentes de chacun de nos \u00e9l\u00e8ves. Nous aimons aussi\u00a0tisser des liens et cr\u00e9er une relation privil\u00e9gi\u00e9e avec chaque \u00e9l\u00e8ve pour soutenir sa motivation\u00a0mais aussi pour le guider et l\u2019accompagner. Nos professeurs , eux-m\u00eames, ont des univers\u00a0musicaux diff\u00e9rents, offrant ainsi une grande diversit\u00e9 de styles musicaux au sein de l\u2019association.<\/p>\n<hr \/>\n<p><strong>Q: J\u2019ai toujours voulu prendre des cours mais je n\u2019ai pas de notions musicales ?<\/strong><\/p>\n<p>R : Soyez les bienvenus, , nous ne demandons aucun pr\u00e9 requis pour commencer les cours. la\u00a0motivation \u00e9tant le meilleur vecteur de progr\u00e8s, il n\u2019y a aucune raison, que vous ne progressiez\u00a0pas. Toute notre \u00e9quipe p\u00e9dagogique met un point d\u2019honneur \u00e0 proposer une approche de la\u00a0musique ludique et personnalis\u00e9e \u00e0 chacun de ses adh\u00e9rents.<\/p>\n<hr \/>\n<p><strong>Q : Quand je m\u2019inscris, je m\u2019engage \u00e0 l\u2019ann\u00e9e ?<\/strong><\/p>\n<p>R : A chaque inscription, vous devenez membre de l\u2019association MIC en payant les frais d\u2019adh\u00e9sion et ce pour la dur\u00e9e de l\u2019exercice du 1er Septembre au 31 Aout. Pour les cours, nous proposons des engagements par p\u00e9riode . A la fin de ces p\u00e9riodes, \u00a0vous \u00eates libre de poursuivre ou non, les cours. Cependant si vous d\u00e9cidez d&rsquo;arr\u00eater en cours de p\u00e9riode, aucun remboursement ne peut \u00eatre demand\u00e9.<\/p>\n<hr \/>\n<p><strong>Q: Combien y a t il de cours dans un trimestre ?<\/strong><\/p>\n<p>R : Nous ne fonctionnons pas au nombre de cours, quand vous vous inscrivez pour une p\u00e9riode \u00a0de cours, vous b\u00e9n\u00e9ficiez d\u2019un cours par semaine ou d\u2019un cours par quinzaine tout au long de cette p\u00e9riode \u00a0. Pendant les vacances scolaires il n\u2019y a pas de cours mais nous proposons \u00e0 la place\u00a0des ateliers de groupe, qui sont ouvert \u00e0 tous.<\/p>\n<hr \/>\n<p><strong>Q : L\u2019adh\u00e9sion \u00e0 votre association peut elle prise en charge par mon CE ? Une partie des\u00a0<\/strong><strong>cours ?<\/strong><\/p>\n<p>R : L\u2019adh\u00e9sion \u00e0 l\u2019association MIC peut \u00eatre prise en charge par de nombreux CE, nous pouvons\u00a0vous fournir un re\u00e7u d\u2019adh\u00e9sion, qu\u2019il faudra alors fournir \u00e0 votre CE. Il en est de m\u00eame pour les\u00a0cours, chaque professeur vous fournit une facture, et vous pouvez la transmettre \u00e0 votre CE pour\u00a0une prise en charge.<\/p>\n<hr \/>\n<p><strong>Q : Proposez vous des tarifs famille ?<\/strong><\/p>\n<p>R : L\u2019adh\u00e9sion \u00e0 l\u2019association offre un tarif r\u00e9duit \u00e0 partir du deuxi\u00e8me membre sur la cotisation\u00a0annuelle. Pour les cours, il n\u2019y a pas de tarifs familiaux car chacun de nos professeurs est\u00a0ind\u00e9pendant.<\/p>\n<hr \/>\n<p><strong>Q : Je ne suis pas l\u00e0 pendant les vacances scolaires, puis je avoir une r\u00e9duction ?<\/strong><\/p>\n<p>R : Nous proposons des forfaits , il n\u2019y a pas de possibilit\u00e9 de r\u00e9duction, les ateliers\u00a0pendant les vacances sont ouvert \u00e0 tous ceux qui le d\u00e9sirent, si vous \u00eates absents, vous ne\u00a0pouvez pr\u00e9tendre \u00e0 une r\u00e9duction.<\/p>\n<hr \/>\n<p><strong>Q: Les ateliers pendant les vacances qu\u2019est ce que c\u2019est ?<\/strong><\/p>\n<p>R : Lors des vacances scolaires de la Toussaint, d\u2019hiver et de Printemps, nous proposons des\u00a0ateliers de groupe, ouvert \u00e0 tous, afin de diversifier l\u2019apprentissage que nous prodiguons de la\u00a0musique. Ces ateliers permettent de pratiquer la musique en groupe et surtout d\u2019\u00e9changer et de\u00a0participer.<\/p>\n<hr \/>\n<p><strong>Q: Mon emploi du temps est changeant, suis je oblig\u00e9 de garder mon cr\u00e9neau tout au long\u00a0<\/strong><strong>du trimestre ?<\/strong><\/p>\n<p>R : Dans l\u2019id\u00e9al oui, maintenant, il est possible d\u2019en discuter avec un professeur de voir avec lui,\u00a0pour organiser au mieux vos cours.<\/p>\n<hr \/>\n<p><strong>Q : Je ne souhaite pas m\u2019engager ni sur un forfait trimestriel, ni en devenant membre de\u00a0<\/strong><strong>MIC, est possible ?<\/strong><\/p>\n<p>R : Oui c\u2019est possible, nous proposons des cours \u00e0 la carte, au tarif de 40\u20ac pour les personnes ne voulant pas s\u2019engager mais par contre, nous ne pouvons vous garantir un cr\u00e9neau fixe.<\/p>\n<hr \/>\n<p><strong>Q : Y a t il cours les jours f\u00e9ri\u00e9s ?<\/strong><\/p>\n<p>R : Non, les jours f\u00e9ries, il n\u2019y a pas cours. Ces jours ne sont ni rattrapables, ni remboursables, ni modifiables.<\/p>\n<hr \/>\n<p><strong>Q : En cas d\u2019absence, peut on reporter le cours ?<\/strong><\/p>\n<p>R : Lorsqu\u2019un \u00e9l\u00e8ve manque un cours sans avertissement pr\u00e9alable, le cours est perdu, car le professeur est sur place.\u00a0<\/p>\n<hr \/>\n<p><strong>Q : En cas de confinement, comment \u00e7a se passe ?\u00a0<\/strong><\/p>\n<p>R : Si les cours ne peuvent pas avoir lieu pour cause de confinement, les cours seront assur\u00e9s en visio ( Skype, WhatsApp, FaceTime, Facebook, Zoom etc&#8230; ) ou du contenu p\u00e9dagogique adapt\u00e9 sera envoy\u00e9 toutes les semaines.<\/p>\n<hr \/>\n\n\n<h5 class=\"wp-block-heading has-text-align-center\">__________________________________________________________________<\/h5>\n\n\n\n<p class=\"has-text-align-center has-medium-font-size\"><strong>Retrouvez nous sur vos r\u00e9seaux sociaux pr\u00e9f\u00e9r\u00e9s pour suivre notre actualit\u00e9 :<\/strong><\/p>\n\n\n<div class=\"wp-block-image\">\n<figure class=\"aligncenter is-resized\"><a href=\"https:\/\/www.facebook.com\/musicinstituteandculture\/\" target=\"_blank\" rel=\"noreferrer noopener\"><img loading=\"lazy\" decoding=\"async\" width=\"300\" height=\"300\" src=\"http:\/\/www.mic31.fr\/wordpress\/wp-content\/uploads\/2016\/10\/icone-facebook-site-300x300.png\" alt=\"icone facebook site\" class=\"wp-image-506\" style=\"width:74px;height:auto\" srcset=\"https:\/\/www.mic31.fr\/wordpress\/wp-content\/uploads\/2016\/10\/icone-facebook-site-300x300.png 300w, https:\/\/www.mic31.fr\/wordpress\/wp-content\/uploads\/2016\/10\/icone-facebook-site-150x150.png 150w, https:\/\/www.mic31.fr\/wordpress\/wp-content\/uploads\/2016\/10\/icone-facebook-site-200x200.png 200w, https:\/\/www.mic31.fr\/wordpress\/wp-content\/uploads\/2016\/10\/icone-facebook-site.png 626w\" sizes=\"auto, (max-width: 300px) 100vw, 300px\" \/><\/a><\/figure>\n<\/div>\n\n\n<p><\/p>\n\n\n<div class=\"wp-block-image\">\n<figure class=\"aligncenter is-resized\"><a href=\"https:\/\/www.instagram.com\/assomic31\/\" target=\"_blank\" rel=\"noreferrer noopener\"><img loading=\"lazy\" decoding=\"async\" width=\"300\" height=\"300\" src=\"http:\/\/www.mic31.fr\/wordpress\/wp-content\/uploads\/2016\/10\/icone-instagram-site-300x300.png\" alt=\"icone instagram site\" class=\"wp-image-504\" style=\"width:84px;height:auto\" srcset=\"https:\/\/www.mic31.fr\/wordpress\/wp-content\/uploads\/2016\/10\/icone-instagram-site-300x300.png 300w, https:\/\/www.mic31.fr\/wordpress\/wp-content\/uploads\/2016\/10\/icone-instagram-site-150x150.png 150w, https:\/\/www.mic31.fr\/wordpress\/wp-content\/uploads\/2016\/10\/icone-instagram-site-200x200.png 200w, https:\/\/www.mic31.fr\/wordpress\/wp-content\/uploads\/2016\/10\/icone-instagram-site.png 400w\" sizes=\"auto, (max-width: 300px) 100vw, 300px\" \/><\/a><\/figure>\n<\/div>\n\n\n<p><\/p>\n","protected":false},"excerpt":{"rendered":"<p>Q : Quelles sont les p\u00e9riodes \u00a0? R : La p\u00e9riode 1 commence le 1er Septembre 2025 et se finit le 30 Novembre [&hellip;]<\/p>\n","protected":false},"author":1,"featured_media":0,"parent":0,"menu_order":0,"comment_status":"closed","ping_status":"closed","template":"","meta":{"footnotes":""},"class_list":["post-1684","page","type-page","status-publish","hentry"],"yoast_head":"<!-- This site is optimized with the Yoast SEO plugin v24.1 - https:\/\/yoast.com\/wordpress\/plugins\/seo\/ -->\n<title>Foire aux Questions -<\/title>\n<meta name=\"description\" content=\"Bienvenue chez Music Institute and Culture, \u00e9cole de musique \u00e0 Colomiers\" \/>\n<meta name=\"robots\" content=\"index, follow, max-snippet:-1, max-image-preview:large, max-video-preview:-1\" \/>\n<link rel=\"canonical\" href=\"https:\/\/www.mic31.fr\/index.php\/foire-aux-questions\/\" \/>\n<meta property=\"og:locale\" content=\"fr_FR\" \/>\n<meta property=\"og:type\" content=\"article\" \/>\n<meta property=\"og:title\" content=\"Foire aux Questions -\" \/>\n<meta property=\"og:description\" content=\"Bienvenue chez Music Institute and Culture, \u00e9cole de musique \u00e0 Colomiers\" \/>\n<meta property=\"og:url\" content=\"https:\/\/www.mic31.fr\/index.php\/foire-aux-questions\/\" \/>\n<meta property=\"article:publisher\" content=\"https:\/\/www.facebook.com\/musicinstituteandculture\/\" \/>\n<meta property=\"article:modified_time\" content=\"2025-10-28T13:37:11+00:00\" \/>\n<meta property=\"og:image\" content=\"http:\/\/www.mic31.fr\/wordpress\/wp-content\/uploads\/2016\/10\/icone-facebook-site-300x300.png\" \/>\n<meta name=\"twitter:card\" content=\"summary_large_image\" \/>\n<meta name=\"twitter:site\" content=\"@assomic31\" \/>\n<meta name=\"twitter:label1\" content=\"Dur\u00e9e de lecture estim\u00e9e\" \/>\n\t<meta name=\"twitter:data1\" content=\"9 minutes\" \/>\n<script type=\"application\/ld+json\" class=\"yoast-schema-graph\">{\"@context\":\"https:\/\/schema.org\",\"@graph\":[{\"@type\":\"WebPage\",\"@id\":\"https:\/\/www.mic31.fr\/index.php\/foire-aux-questions\/\",\"url\":\"https:\/\/www.mic31.fr\/index.php\/foire-aux-questions\/\",\"name\":\"Foire aux Questions -\",\"isPartOf\":{\"@id\":\"http:\/\/www.mic31.fr\/#website\"},\"primaryImageOfPage\":{\"@id\":\"https:\/\/www.mic31.fr\/index.php\/foire-aux-questions\/#primaryimage\"},\"image\":{\"@id\":\"https:\/\/www.mic31.fr\/index.php\/foire-aux-questions\/#primaryimage\"},\"thumbnailUrl\":\"http:\/\/www.mic31.fr\/wordpress\/wp-content\/uploads\/2016\/10\/icone-facebook-site-300x300.png\",\"datePublished\":\"2018-09-06T16:00:22+00:00\",\"dateModified\":\"2025-10-28T13:37:11+00:00\",\"description\":\"Bienvenue chez Music Institute and Culture, \u00e9cole de musique \u00e0 Colomiers\",\"breadcrumb\":{\"@id\":\"https:\/\/www.mic31.fr\/index.php\/foire-aux-questions\/#breadcrumb\"},\"inLanguage\":\"fr-FR\",\"potentialAction\":[{\"@type\":\"ReadAction\",\"target\":[\"https:\/\/www.mic31.fr\/index.php\/foire-aux-questions\/\"]}]},{\"@type\":\"ImageObject\",\"inLanguage\":\"fr-FR\",\"@id\":\"https:\/\/www.mic31.fr\/index.php\/foire-aux-questions\/#primaryimage\",\"url\":\"https:\/\/www.mic31.fr\/wordpress\/wp-content\/uploads\/2016\/10\/icone-facebook-site.png\",\"contentUrl\":\"https:\/\/www.mic31.fr\/wordpress\/wp-content\/uploads\/2016\/10\/icone-facebook-site.png\",\"width\":626,\"height\":626},{\"@type\":\"BreadcrumbList\",\"@id\":\"https:\/\/www.mic31.fr\/index.php\/foire-aux-questions\/#breadcrumb\",\"itemListElement\":[{\"@type\":\"ListItem\",\"position\":1,\"name\":\"Accueil\",\"item\":\"http:\/\/www.mic31.fr\/\"},{\"@type\":\"ListItem\",\"position\":2,\"name\":\"Foire aux Questions\"}]},{\"@type\":\"WebSite\",\"@id\":\"http:\/\/www.mic31.fr\/#website\",\"url\":\"http:\/\/www.mic31.fr\/\",\"name\":\"Music Institute and Culture\",\"description\":\"\",\"publisher\":{\"@id\":\"http:\/\/www.mic31.fr\/#organization\"},\"potentialAction\":[{\"@type\":\"SearchAction\",\"target\":{\"@type\":\"EntryPoint\",\"urlTemplate\":\"http:\/\/www.mic31.fr\/?s={search_term_string}\"},\"query-input\":{\"@type\":\"PropertyValueSpecification\",\"valueRequired\":true,\"valueName\":\"search_term_string\"}}],\"inLanguage\":\"fr-FR\"},{\"@type\":\"Organization\",\"@id\":\"http:\/\/www.mic31.fr\/#organization\",\"name\":\"Music institute and Culture\",\"url\":\"http:\/\/www.mic31.fr\/\",\"logo\":{\"@type\":\"ImageObject\",\"inLanguage\":\"fr-FR\",\"@id\":\"http:\/\/www.mic31.fr\/#\/schema\/logo\/image\/\",\"url\":\"http:\/\/www.mic31.fr\/wordpress\/wp-content\/uploads\/2016\/10\/cropped-cropped-Flyer-asso-MIC-v8-copie.jpg\",\"contentUrl\":\"http:\/\/www.mic31.fr\/wordpress\/wp-content\/uploads\/2016\/10\/cropped-cropped-Flyer-asso-MIC-v8-copie.jpg\",\"width\":512,\"height\":512,\"caption\":\"Music institute and Culture\"},\"image\":{\"@id\":\"http:\/\/www.mic31.fr\/#\/schema\/logo\/image\/\"},\"sameAs\":[\"https:\/\/www.facebook.com\/musicinstituteandculture\/\",\"https:\/\/x.com\/assomic31\",\"https:\/\/www.instagram.com\/assomic31\/\"]}]}<\/script>\n<!-- \/ Yoast SEO plugin. -->","yoast_head_json":{"title":"Foire aux Questions -","description":"Bienvenue chez Music Institute and Culture, \u00e9cole de musique \u00e0 Colomiers","robots":{"index":"index","follow":"follow","max-snippet":"max-snippet:-1","max-image-preview":"max-image-preview:large","max-video-preview":"max-video-preview:-1"},"canonical":"https:\/\/www.mic31.fr\/index.php\/foire-aux-questions\/","og_locale":"fr_FR","og_type":"article","og_title":"Foire aux Questions -","og_description":"Bienvenue chez Music Institute and Culture, \u00e9cole de musique \u00e0 Colomiers","og_url":"https:\/\/www.mic31.fr\/index.php\/foire-aux-questions\/","article_publisher":"https:\/\/www.facebook.com\/musicinstituteandculture\/","article_modified_time":"2025-10-28T13:37:11+00:00","og_image":[{"url":"http:\/\/www.mic31.fr\/wordpress\/wp-content\/uploads\/2016\/10\/icone-facebook-site-300x300.png","type":"","width":"","height":""}],"twitter_card":"summary_large_image","twitter_site":"@assomic31","twitter_misc":{"Dur\u00e9e de lecture estim\u00e9e":"9 minutes"},"schema":{"@context":"https:\/\/schema.org","@graph":[{"@type":"WebPage","@id":"https:\/\/www.mic31.fr\/index.php\/foire-aux-questions\/","url":"https:\/\/www.mic31.fr\/index.php\/foire-aux-questions\/","name":"Foire aux Questions -","isPartOf":{"@id":"http:\/\/www.mic31.fr\/#website"},"primaryImageOfPage":{"@id":"https:\/\/www.mic31.fr\/index.php\/foire-aux-questions\/#primaryimage"},"image":{"@id":"https:\/\/www.mic31.fr\/index.php\/foire-aux-questions\/#primaryimage"},"thumbnailUrl":"http:\/\/www.mic31.fr\/wordpress\/wp-content\/uploads\/2016\/10\/icone-facebook-site-300x300.png","datePublished":"2018-09-06T16:00:22+00:00","dateModified":"2025-10-28T13:37:11+00:00","description":"Bienvenue chez Music Institute and Culture, \u00e9cole de musique \u00e0 Colomiers","breadcrumb":{"@id":"https:\/\/www.mic31.fr\/index.php\/foire-aux-questions\/#breadcrumb"},"inLanguage":"fr-FR","potentialAction":[{"@type":"ReadAction","target":["https:\/\/www.mic31.fr\/index.php\/foire-aux-questions\/"]}]},{"@type":"ImageObject","inLanguage":"fr-FR","@id":"https:\/\/www.mic31.fr\/index.php\/foire-aux-questions\/#primaryimage","url":"https:\/\/www.mic31.fr\/wordpress\/wp-content\/uploads\/2016\/10\/icone-facebook-site.png","contentUrl":"https:\/\/www.mic31.fr\/wordpress\/wp-content\/uploads\/2016\/10\/icone-facebook-site.png","width":626,"height":626},{"@type":"BreadcrumbList","@id":"https:\/\/www.mic31.fr\/index.php\/foire-aux-questions\/#breadcrumb","itemListElement":[{"@type":"ListItem","position":1,"name":"Accueil","item":"http:\/\/www.mic31.fr\/"},{"@type":"ListItem","position":2,"name":"Foire aux Questions"}]},{"@type":"WebSite","@id":"http:\/\/www.mic31.fr\/#website","url":"http:\/\/www.mic31.fr\/","name":"Music Institute and Culture","description":"","publisher":{"@id":"http:\/\/www.mic31.fr\/#organization"},"potentialAction":[{"@type":"SearchAction","target":{"@type":"EntryPoint","urlTemplate":"http:\/\/www.mic31.fr\/?s={search_term_string}"},"query-input":{"@type":"PropertyValueSpecification","valueRequired":true,"valueName":"search_term_string"}}],"inLanguage":"fr-FR"},{"@type":"Organization","@id":"http:\/\/www.mic31.fr\/#organization","name":"Music institute and Culture","url":"http:\/\/www.mic31.fr\/","logo":{"@type":"ImageObject","inLanguage":"fr-FR","@id":"http:\/\/www.mic31.fr\/#\/schema\/logo\/image\/","url":"http:\/\/www.mic31.fr\/wordpress\/wp-content\/uploads\/2016\/10\/cropped-cropped-Flyer-asso-MIC-v8-copie.jpg","contentUrl":"http:\/\/www.mic31.fr\/wordpress\/wp-content\/uploads\/2016\/10\/cropped-cropped-Flyer-asso-MIC-v8-copie.jpg","width":512,"height":512,"caption":"Music institute and Culture"},"image":{"@id":"http:\/\/www.mic31.fr\/#\/schema\/logo\/image\/"},"sameAs":["https:\/\/www.facebook.com\/musicinstituteandculture\/","https:\/\/x.com\/assomic31","https:\/\/www.instagram.com\/assomic31\/"]}]}},"_links":{"self":[{"href":"https:\/\/www.mic31.fr\/index.php\/wp-json\/wp\/v2\/pages\/1684","targetHints":{"allow":["GET"]}}],"collection":[{"href":"https:\/\/www.mic31.fr\/index.php\/wp-json\/wp\/v2\/pages"}],"about":[{"href":"https:\/\/www.mic31.fr\/index.php\/wp-json\/wp\/v2\/types\/page"}],"author":[{"embeddable":true,"href":"https:\/\/www.mic31.fr\/index.php\/wp-json\/wp\/v2\/users\/1"}],"replies":[{"embeddable":true,"href":"https:\/\/www.mic31.fr\/index.php\/wp-json\/wp\/v2\/comments?post=1684"}],"version-history":[{"count":15,"href":"https:\/\/www.mic31.fr\/index.php\/wp-json\/wp\/v2\/pages\/1684\/revisions"}],"predecessor-version":[{"id":4481,"href":"https:\/\/www.mic31.fr\/index.php\/wp-json\/wp\/v2\/pages\/1684\/revisions\/4481"}],"wp:attachment":[{"href":"https:\/\/www.mic31.fr\/index.php\/wp-json\/wp\/v2\/media?parent=1684"}],"curies":[{"name":"wp","href":"https:\/\/api.w.org\/{rel}","templated":true}]}}